6*m + 1. Let w be g(-1). Suppose -q = 3*c - 13, 0 = -w*q + 2*q + 2*c + 82. Let t = 20 + -4. What is the highest common factor of t and q?
16
Let w = -23 + 26. Suppose 0*j = 4*j - 60. What is the greatest common divisor of j and w?
3
Let n = -6 - -9. Let t = 16 - 31. Let d = t + 21. What is the highest common factor of n and d?
3
Suppose 3*n = -3*s + 30, s + 6*n - 3*n = 12. Suppose 4*b - 25 + 1 = 0. Let j(f) = 6*f. Let l be j(b). What is the highest common factor of s and l?
9
Let t(v) = v**3 + 3*v**2 - 3*v + 2. Suppose 3*d = 2*g - d + 18, -6 = -3*g - 5*d. Let p be t(g). What is the greatest common divisor of p and 77?
11
Let c be ((-48)/40)/(3/(-10)). Let i be c/6 - (-12)/9. Calculate the highest common divisor of i and 2.
2
Suppose 6*g + 280 = 3*w + 2*g, 3*w - 290 = -g. Let v = 135 - 87. Let n = w - v. What is the highest common factor of n and 16?
16
Let n(i) = -13*i - 5. Let k be n(-5). Let w = 0 + 7. Let r(b) = b + 5. Let f be r(w). Calculate the greatest common factor of k and f.
12
Let q(s) = s**2 - s + 126. Let b be q(0). Calculate the greatest common divisor of b and 21.
21
Suppose -160 = -16*m + 288. Calculate the highest common divisor of 35 and m.
7
Suppose 0*y = 4*y - 32. Let r(j) = j**2 - 7*j + 4. Let o be r(y). Calculate the greatest common divisor of 3 and o.
3
Suppose -p - 8*p + 72 = 0. Calculate the greatest common divisor of p and 8.
8
Let m be -2*(-3)/6 - -1. Suppose 0*v + v - 30 = -2*h, -4*v = 0. Let i = h + m. Calculate the highest common factor of i and 170.
17
Let b = -83 + 87. Calculate the greatest common divisor of 44 and b.
4
Suppose 3 = 5*b - 22. Suppose -b*p = -p - 20. What is the highest common factor of p and 45?
5
Let g be 2250/25 + (-5 - -1 - -2). What is the greatest common factor of 66 and g?
22
Suppose 0 = 2*l - 3*x - 1 + 3, 0 = 5*x - 20. Let m be 4/(-2) + (-5 - -8). What is the greatest common divisor of l and m?
1
Suppose -3*s - 3 = -4*s. Let n(f) = -f**2 + 6*f + 2. Let d be n(s). What is the greatest common factor of d and 22?
11
Let l = 1 + 1. Suppose 5*i + c - 215 = -4*c, -6 = -l*c. Calculate the greatest common divisor of i and 5.
5
Let j be -1 + (135 - 8/4). Suppose 2*g - 1 = -2*z + 13, -z - 5*g = 13. Calculate the highest common divisor of z and j.
12
Suppose 4*c + 0*c - 4 = -4*z, -c + 7 = 3*z. Suppose 4*m = 5*x - 52, 0 = z*x + 5*m - 10*m - 39. What is the greatest common factor of 24 and x?
8
Suppose 3*t = 62 - 2. Calculate the highest common divisor of 50 and t.
10
Let v = 1 + -2. Let n(u) be the third derivative of u**5/5 - u**3/6 + 3*u**2. Let z be n(v). What is the greatest common factor of z and 1?
1
Let a(q) = 28*q**2 - q + 2. Let y be a(2). Let c be 8/(-6)*12/(-1). What is the highest common factor of c and y?
16
Suppose -3*r - 2*u + 96 = 0, -3*r - 5*u + 55 = -50. What is the greatest common divisor of r and 105?
15
Suppose 4*m - 96 = 2*y + 108, 3*m - 151 = y. Suppose -3*s = 4*t - 213, 2*s + 2*t - m = 95. What is the highest common factor of 30 and s?
15
Let i be (-2)/12 - 6/(-36). Suppose i*s - 2*s = -36. Calculate the highest common factor of s and 6.
6
Suppose 9*q - 4*q = 10. Calculate the highest common divisor of 5 and q.
1
Let r(q) = -5*q - 6. Let v be r(-5). Calculate the greatest common factor of v and 57.
19
Let g(v) = -v**3 + 8*v**2 - 6*v + 8. Let q be g(6). Let i = 10 - 18. Let k be (-878)/i - 1/(-4). Calculate the highest common divisor of k and q.
22
Let q be 1*3/(-6)*-28. Calculate the greatest common divisor of q and 126.
14
Let c(l) = l**3 - 10*l**2 + 2*l - 6. Let a be c(10). What is the highest common factor of 56 and a?
14
Suppose -32 = -2*n - 6. Suppose 5*t - 456 = t. Suppose 2*c + 317 = w + 4*w, -2*w + 4*c = -t. Calculate the highest common factor of w and n.
13
Let r(m) = -m**3 - 5*m**2 - m + 6. Let p be r(-5). Suppose -4*q - 79 = -431. Calculate the highest common divisor of p and q.
11
Let u = 239 + -118. Suppose -36 = -4*j + 8. What is the greatest common factor of u and j?
11
Suppose -5*a + t = -429, -a - 10*t = -5*t - 65. What is the greatest common factor of 51 and a?
17
Let p(u) = u**2 - 7*u + 5. Let a be p(6). Let g = a + 56. Calculate the highest common divisor of g and 5.
5
Suppose -2 = 3*f + 2*s, 5*f - 2*f = 2*s - 10. Let m be (1309/(-14))/(f/4). What is the highest common divisor of 17 and m?
17
Suppose -2*u - 150 = -2*l, 3*u = l - 4*l - 231. Let p be u/(-6) + 14/(-21). Calculate the highest common factor of 36 and p.
12
Let h(c) = c**3 + c**2 + 11. Let a be h(0). Let o = -341 - -363. What is the greatest common factor of a and o?
11
Suppose -2*y + 13 + 21 = 4*i, 5*i - 39 = -2*y. Suppose 0*s = -4*s + 4. What is the highest common factor of s and y?
1
Let g be 495/(-6)*4/(-6). What is the highest common divisor of 5 and g?
5
Suppose 0 = 4*r + 2 - 10. Let q be (6/r)/((-9)/(-102)). Calculate the highest common factor of q and 51.
17
Suppose 4*l - 3*n = -0*l + 31, 2*l - 4*n = 28. Let q = 0 + l. What is the greatest common factor of 32 and q?
4
Let w = -15 + 26. Let b be (33 - 3)*w/2. What is the greatest common divisor of 15 and b?
15
Let h be (-4)/2 + -1 + 4. Suppose h = -s + 17. What is the greatest common divisor of s and 8?
8
Let q = 25 - 14. Suppose -4*t - 47 = -135. What is the highest common factor of t and q?
11
Let w be 32 - 0 - 36/6. Calculate the highest common factor of w and 4.
2
Suppose -b + 43 = 23. Calculate the highest common divisor of 25 and b.
5
Let n(x) = x**3 + x**2 - 3*x + 1. Let k be n(2). Let w be (12/k)/((-6)/(-28)). What is the greatest common divisor of w and 20?
4
Suppose 42 = m + 2*m. Let q be (-4)/m - 75/7. Let s = q + 17. Calculate the highest common factor of 24 and s.
6
Let h be 48/3 + (-3)/(-3). Calculate the greatest common factor of h and 17.
17
Let i = 12 - -4. Let g be (-1 - 2/(-4))*-20. Let a be ((-16)/g)/((-3)/15). Calculate the highest common factor of i and a.
8
Suppose v + 4 = 7. Suppose -v*z - z = -476. What is the highest common factor of 17 and z?
17
Let l(z) = -z + 21. Let c be l(11). Let s be 34/(-4)*(-4 - -2). Let f = s - c. What is the greatest common factor of 49 and f?
7
Suppose -2*d + z = -45, 0*d - d - 4*z + 36 = 0. What is the highest common divisor of 120 and d?
24
Let f(a) = a**2 - 6*a. Let o be f(7). Suppose -3*x + 5*x = -5*b + o, 0 = -2*x - 8. What is the greatest common factor of b and 9?
3
Let k = 38 - 20. Suppose p - 22 = -3*a, 0*p - p = -2*a + k. Let y be 5/((-140)/(-24))*84. What is the highest common divisor of y and a?
8
Let g = -14 + 5. Let z = g - -16. Calculate the greatest common factor of z and 1.
1
Let i = -37 - -87. Let v(x) = x + 10. Let m be v(0). What is the greatest common divisor of m and i?
10
Let x be 10*(-3)/(-6) - 3. Let l be (-22)/(-4) + 1/x. Calculate the highest common factor of 48 and l.
6
Let f = 97 - 84. What is the greatest common factor of f and 26?
13
Let m be (-1)/2 - (-10)/4. Suppose -5*c + 30 = 2*d, -5*d + m*c + 25 = -21. Let b be 2/(-4) - d/(-4). What is the greatest common factor of 18 and b?
2
Suppose -32 = -3*t - 2*g, -60 = -5*t + 7*g - 9*g. Calculate the greatest common divisor of 42 and t.
14
Let w(h) = 12*h + 2 - 7*h - 4 + 9*h. Let a be w(2). What is the highest common factor of a and 39?
13
Let k(o) = 2*o**2 - o - 1. Let b be k(3). What is the highest common divisor of 14 and b?
14
Suppose -27 = -3*y - 3*z, 0 = y + 3*z - 11 - 4. Let f(t) = t**3 - 15*t**2 - 18*t + 34. Let n be f(16). Calculate the highest common divisor of n and y.
2
Suppose 3*y = -3*d + 126 - 465, 4*y - 4*d + 452 = 0. Let v = -65 - y. What is the highest common factor of v and 12?
12
Let z be ((0 - 1) + 3)/(12/66). What is the greatest common divisor of 22 and z?
11
Suppose -24 = 5*r - r - 4*k, 5*r + 2*k = 5. Let d = r + 1. Suppose d = -3*g + 6*g - 513. What is the greatest common divisor of 19 and g?
19
Suppose 0 = 3*f + 2*f - 225. Let i(m) = -m**3 + 10*m**2 + 15*m - 14. Let b be i(11). Calculate the highest common divisor of f and b.
15
Let s(g) be the third derivative of g**5/60 - g**4/24 - g**3/3 + 2*g**2. Let o be s(-3). Calculate the highest common factor of 15 and o.
5
Suppose -120 = -f - 5*j, -f + 2*j = 3*f - 436. What is the highest common factor of 11 and f?
11
Let j(p) = p**2 + 10*p + 21. Let t be j(-11). Calculate the highest common factor of t and 24.
8
Suppose 74 = 5*j - 56. Wh